emainder when 50288 is divided by 47?
45
What is the remainder when 98266 is divided by 2233?
14
Calculate the remainder when 19495 is divided by 1946.
35
Calculate the remainder when 110918 is divided by 798.
794
Calculate the remainder when 295313 is divided by 298.
293
What is the remainder when 84425 is divided by 53?
49
Calculate the remainder when 177017 is divided by 37.
9
What is the remainder when 180594 is divided by 210?
204
What is the remainder when 90769 is divided by 27?
22
What is the remainder when 11771 is divided by 740?
671
Calculate the remainder when 6577 is divided by 1309.
32
Calculate the remainder when 1115 is divided by 30.
5
Calculate the remainder when 30307 is divided by 30253.
54
What is the remainder when 1293 is divided by 9?
6
Calculate the remainder when 666992 is divided by 223.
222
What is the remainder when 37377 is divided by 37?
7
What is the remainder when 316 is divided by 157?
2
Calculate the remainder when 464 is divided by 245.
219
Calculate the remainder when 54380 is divided by 640.
620
What is the remainder when 1091 is divided by 134?
19
What is the remainder when 16562 is divided by 1693?
1325
Calculate the remainder when 154998 is divided by 408.
366
What is the remainder when 6208127 is divided by 317?
316
Calculate the remainder when 27723 is divided by 79.
73
What is the remainder when 260326 is divided by 3471?
1
What is the remainder when 393942 is divided by 117?
3
Calculate the remainder when 4302 is divided by 47.
25
Calculate the remainder when 113406 is divided by 127.
122
What is the remainder when 603785 is divided by 31?
29
What is the remainder when 2066 is divided by 176?
130
What is the remainder when 320177 is divided by 101?
7
Calculate the remainder when 377275 is divided by 350.
325
What is the remainder when 33724 is divided by 167?
157
Calculate the remainder when 286 is divided by 76.
58
Calculate the remainder when 1033345 is divided by 12.
1
Calculate the remainder when 1447 is divided by 55.
17
What is the remainder when 37650 is divided by 4702?
34
What is the remainder when 11084 is divided by 222?
206
Calculate the remainder when 807 is divided by 804.
3
What is the remainder when 11135 is divided by 5560?
15
Calculate the remainder when 54188 is divided by 27076.
36
Calculate the remainder when 16644 is divided by 1038.
36
What is the remainder when 2839 is divided by 940?
19
Calculate the remainder when 614 is divided by 62.
56
What is the remainder when 138924 is divided by 30?
24
What is the remainder when 62322 is divided by 318?
312
What is the remainder when 1228 is divided by 211?
173
Calculate the remainder when 2397780 is divided by 26.
8
What is the remainder when 1614 is divided by 417?
363
What is the remainder when 11119 is divided by 15?
4
Calculate the remainder when 1139 is divided by 36.
23
What is the remainder when 2800 is divided by 240?
160
Calculate the remainder when 18035 is divided by 1639.
6
Calculate the remainder when 21816 is divided by 22.
14
What is the remainder when 364256 is divided by 52?
48
Calculate the remainder when 162114 is divided by 9.
6
What is the remainder when 120989 is divided by 13?
11
Calculate the remainder when 440 is divided by 48.
8
What is the remainder when 14234 is divided by 4736?
26
Calculate the remainder when 248700 is divided by 9.
3
What is the remainder when 842 is divided by 10?
2
Calculate the remainder when 9696 is divided by 311.
55
What is the remainder when 10253 is divided by 1277?
37
Calculate the remainder when 15332 is divided by 66.
20
Calculate the remainder when 50622 is divided by 25303.
16
Calculate the remainder when 164081 is divided by 6077.
2
Calculate the remainder when 7468 is divided by 3177.
1114
What is the remainder when 26403 is divided by 8780?
63
Calculate the remainder when 265507 is divided by 18.
7
What is the remainder when 93655 is divided by 35?
30
Calculate the remainder when 56383 is divided by 35.
33
Calculate the remainder when 36686 is divided by 1528.
14
What is the remainder when 1869 is divided by 108?
33
Calculate the remainder when 41182 is divided by 463.
438
What is the remainder when 64403 is divided by 6?
5
Calculate the remainder when 36634 is divided by 1362.
1222
Calculate the remainder when 20682 is divided by 15.
12
Calculate the remainder when 41493 is divided by 29.
23
What is the remainder when 44615 is divided by 357?
347
Calculate the remainder when 613 is divided by 533.
80
Calculate the remainder when 29655 is divided by 25.
5
Calculate the remainder when 212733 is divided by 106352.
29
What is the remainder when 90017 is divided by 219?
8
Calculate the remainder when 1992 is divided by 880.
232
Calculate the remainder when 4635 is divided by 20.
15
What is the remainder when 1053672 is divided by 17?
12
Calculate the remainder when 81712 is divided by 20424.
16
Calculate the remainder when 2637 is divided by 2626.
11
Calculate the remainder when 2278370 is divided by 119.
115
What is the remainder when 341160 is divided by 268?
264
Calculate the remainder when 21704 is divided by 482.
14
What is the remainder when 15312 is divided by 1635?
597
Calculate the remainder when 14158 is divided by 392.
46
Calculate the remainder when 364 is divided by 27.
13
What is the remainder when 3401 is divided by 3356?
45
What is the remainder when 3647 is divided by 450?
47
What is the remainder when 5671 is divided by 14?
1
Calculate the remainder when 853 is divided by 750.
103
What is the remainder when 9527 is divided by 27?
23
What is the remainder when 1266326 is divided by 406?
12
Calculate the remainder when 452029 is divided by 224.
221
What is the remainder when 413 is divided by 44?
17
Calculate the remainder when 2123 is divided by 548.
479
Calculate the remainder when 128916 is divided by 44.
40
What is the remainder when 6774 is divided by 77?
75
What is the remainder when 260 is divided by 154?
106
What is the remainder when 6328 is divided by 38?
20
Calculate the remainder when 696982 is divided by 452.
450
What is the remainder when 75600 is divided by 306?
18
What is the remainder when 11124 is divided by 89?
88
Calculate the remainder when 9135 is divided by 15.
0
What is the remainder when 406730 is divided by 101677?
22
Calculate the remainder when 641424 is divided by 5831.
14
What is the remainder when 19043 is divided by 87?
77
Calculate the remainder when 441331 is divided by 1298.
11
What is the remainder when 9527 is divided by 3143?
98
Calculate the remainder when 20718 is divided by 471.
465
What is the remainder when 28114 is divided by 9?
7
Calculate the remainder when 56283 is divided by 18752.
27
Calculate the remainder when 6345 is divided by 528.
9
Calculate the remainder when 7535 is divided by 22.
11
What is the remainder when 404717 is divided by 20?
17
What is the remainder when 5786 is divided by 1422?
98
What is the remainder when 183697 is divided by 3011?
26
What is the remainder when 2050 is divided by 547?
409
Calculate the remainder when 4265 is divided by 158.
157
What is the remainder when 951014 is divided by 44?
42
Calculate the remainder when 14482 is divided by 7240.
2
What is the remainder when 10786 is divided by 142?
136
What is the remainder when 179349 is divided by 19927?
6
What is the remainder when 28478 is divided by 1672?
54
Calculate the remainder when 5142 is divided by 61.
18
What is the remainder when 45170 is divided by 90?
80
What is the remainder when 7908 is divided by 502?
378
What is the remainder when 49546 is divided by 35?
21
What is the remainder when 299552 is divided by 1026?
986
Calculate the remainder when 2523 is divided by 1257.
9
Calculate the remainder when 4138 is divided by 970.
258
What is the remainder when 65776 is divided by 198?
40
Calculate the remainder when 856 is divided by 114.
58
Calculate the remainder when 7263 is divided by 2369.
156
Calculate the remainder when 15253 is divided by 2160.
133
Calculate the remainder when 642968 is divided by 2820.
8
Calculate the remainder when 13557 is divided by 57.
48
What is the remainder when 10666 is divided by 68?
58
Calculate the remainder when 4043 is divided by 478.
219
What is the remainder when 38681 is divid